ivided by k(-7)?
12
Suppose 15 = -4*r - 9. Let q = r - -8. Suppose -2*g - s = -21, -4*s + q*s + 24 = 2*g. What is the remainder when 25 is divided by g?
7
Suppose 10 = 5*g, 2*x - g - 48 = -3*x. What is the remainder when 14 is divided by x?
4
Suppose -4*t + 51 = 5*x + 4, 2*x + 82 = 4*t. What is the remainder when t is divided by 10?
8
Let b = 8 + -2. Let p(a) = -a + 7 + b*a - 3*a. Calculate the remainder when 74 is divided by p(9).
24
Let t = 10 + -1. What is the remainder when 26 is divided by t?
8
Let r(k) = -359*k + 1. Let b be r(-1). Let m be (2/(-4))/((-3)/b). Suppose 0 = 6*c - c - m. What is the remainder when 45 is divided by c?
9
Suppose -6 = -3*i, -338 = -4*t - 2*i + 3*i. What is the remainder when t is divided by 21 - (-2 - 1/(-1))?
19
Let t(s) = s**2 + 4*s - 3. Suppose 2*f = 0, 4*f = g + 3*f - 2. Let y be t(g). Let q = y + -4. What is the remainder when 9 is divided by q?
4
What is the remainder when 55 is divided by 321/27 + 1/9?
7
Calculate the remainder when 135 is divided by (5 - (3 + -1) - 20)/(-1).
16
Let a(v) = v**2 - 6*v - 5. Let k be a(6). Let o = -1 - k. Let h = 7 - 4. Calculate the remainder when o is divided by h.
1
Let p(o) = o**2 + 6*o - 7. Let k be p(-7). Suppose 3*s + s + 8 = 0, 4*j + s - 2 = k. What is the remainder when j is divided by 1?
0
Suppose 6*g - 8*g + 12 = 0. What is the remainder when 21 is divided by g?
3
Let w(p) = p**3 - 2*p**2 + 2*p. Let g = -8 - -15. Calculate the remainder when g*2/(3 + -1) is divided by w(2).
3
Suppose 0 = -5*x + 3*o - 13, 0 = -4*o - o + 5. Let v = x - -7. Suppose 0 = -155*g + 154*g + 14. What is the remainder when g is divided by v?
4
Let o(c) = -c**3 - 10*c**2 - 11*c + 13. Calculate the remainder when o(-9) is divided by 17.
14
Let l be (-6)/(-10) + (-48)/(-20). Let p(d) = -d**3 + 4*d**2 + 2*d - 3. What is the remainder when p(l) is divided by 5?
2
Let i(g) = 9*g + 1 + 0*g + 2 - g**2. Let n(d) = 3*d + 1. Let l be n(2). What is the remainder when i(l) is divided by 10?
7
Let r(d) = -6*d - 15. Let v(k) = 3*k + 7. Let u(b) = 4*r(b) + 7*v(b). What is the remainder when 37 is divided by u(-8)?
11
Suppose -j - 10 = -26. What is the remainder when 45 + 4 + (0 - 3) is divided by j?
14
Let x(g) = 2*g**2 + 2*g + 3. Let j = -2 + -1. Suppose 0 = -2*p - 0*p + 86. What is the remainder when p is divided by x(j)?
13
Let b(a) = a**3 + 5*a**2 - 8*a - 6. Let h be b(-6). Suppose -3 = 3*g + f, 0 = g - 6*g + f - 5. Let j = h - g. Calculate the remainder when 12 is divided by j.
5
Let m(r) = -r**2 - 3*r + 4. Let n be m(-4). Suppose n = w + w - 98. Calculate the remainder when w is divided by 17.
15
Let n = 75 + -66. Calculate the remainder when 43 is divided by n.
7
Suppose 0 = -4*p + 50 + 2. Let w(f) = 0*f**3 - f**3 + p + f**2 + 0*f**2. Calculate the remainder when 24 is divided by w(0).
11
Let i = 18 - -4. Let k(d) = -7*d + 3. What is the remainder when k(-12) is divided by i?
21
Let p(x) = 2*x - 6. Let k be -4*(3 + (-18)/4). What is the remainder when 9 is divided by p(k)?
3
Suppose 3*d + 155 - 446 = -5*y, -5*d + 67 = y. Suppose -h + 4*h = y. What is the remainder when 55 is divided by h?
17
Suppose -2*q = q - 21. Suppose 0 = -3*g - i + 13, 2*g - 10 = -5*i + 16. What is the remainder when q is divided by g?
1
Let f = 37 + -115. Suppose 0 = -o - 2. Calculate the remainder when o*(f/4 - -2) is divided by 12.
11
Let b be -2 + 2 + 0 + 0. Suppose -n - n + 48 = b. Let t(p) = 6*p**3 - 2*p + 3. Calculate the remainder when t(2) is divided by n.
23
Calculate the remainder when 7 is divided by 33/11 - (-1)/2*-2.
1
Let a(g) = -17*g - 2. What is the remainder when a(-5) is divided by 28?
27
Suppose 20 = 4*l - 5*a - 4, -2*l - 4*a + 38 = 0. What is the remainder when 65 is divided by l?
10
Let z = 20 - -29. Let c(f) = -f**2 + 13*f - 5. Let h be c(9). Suppose 2*q - h - 3 = 0. What is the remainder when z is divided by q?
15
Suppose -2*x - 14 = -0*f - 4*f, -5*x - 3*f = -17. What is the remainder when x/(-3 + (-64)/(-20)) is divided by 4?
1
Let p(w) = -w**2 + 7*w + 6. Let q(z) = -3*z**2 + 15*z + 12. Let m = 13 - 8. Let i(y) = m*p(y) - 2*q(y). What is the remainder when 35 is divided by i(-6)?
11
Suppose 0 = 3*u - 5*w - 134, -216 + 39 = -4*u + 5*w. Suppose -4*o + 83 = -5. What is the remainder when u is divided by o?
21
Let m = -2 + -6. Let j = 9 + m. Calculate the remainder when 2 is divided by j.
0
Suppose i + j + 17 = 6*i, 3*i - 6 = 2*j. Suppose i*f + 2*q = 126, 53 + 54 = 3*f + 4*q. What is the remainder when 57 is divided by f?
28
Suppose -x = k - 46, 0 = -5*x + 4*k + 141 + 44. Calculate the remainder when 244 is divided by x.
39
Let l = -37 + 79. Calculate the remainder when l is divided by 15.
12
Suppose 2*l - 69 = 73. Let a = l + -27. Calculate the remainder when a is divided by 15.
14
Let s = 17 + 5. What is the remainder when s is divided by 5?
2
Suppose -2*f - 4*o + 9 - 1 = 0, 50 = 5*f - 5*o. Let w = 16 + f. Calculate the remainder when w is divided by 9.
6
Suppose 0 = -3*r - 50 + 20. Let k(t) = t**3 + 10*t**2 - 2*t - 14. What is the remainder when k(r) is divided by 4?
2
What is the remainder when (-65)/(-1) + (-8 - -12) is divided by 15?
9
Let d be 4/(-14) - (-79)/7. Suppose -1 = 5*y - d. What is the remainder when 40 is divided by 2 - -12 - (y - 2)?
12
Let y = -139 + 199. What is the remainder when y is divided by 24?
12
Let h = 275 + -264. Let l(s) = -s**2 + 8*s - 9. What is the remainder when h is divided by l(6)?
2
Suppose -5*f - 41 = -3*n, 0 = 2*n - 2*f - 2 - 24. Suppose -14 = -r - 3*r + 2*s, 4*r = -5*s + 35. Calculate the remainder when n is divided by r.
2
Let w = -14 + 24. Suppose 5 = 3*x - 4. Suppose 0 = 2*b + 4*v - 16, x*b - 14 = -4*v + 6. What is the remainder when w is divided by b?
2
Let r(c) = c**2 - 4*c - 4. Suppose -120 = -3*u - u. Let q be 2/4 - u/(-4). Calculate the remainder when r(q) is divided by 10.
8
Suppose 0*a - 12 = 3*h - 5*a, 3*h - a = 0. Let i be (11 + h)*(-100)/(-6). Suppose 0 = -k - 4*k + i. Calculate the remainder when k is divided by 21.
19
Let v(s) = 2*s**3 - s**2 - s + 3. What is the remainder when v(3) is divided by -2 + (1 - 3) + 16?
9
Let s(j) be the third derivative of -j**4/6 - 7*j**3/6 - 4*j**2. Calculate the remainder when 23 is divided by s(-5).
10
Suppose -3*l - 2*l + 50 = 0. Suppose 0 = 2*v + 5*k - 2*k - 9, -2*v + 5*k - 15 = 0. Suppose 2*o + v*o - 8 = 0. What is the remainder when l is divided by o?
2
Let l be 2/(-12) - (-52)/24. What is the remainder when 49 is divided by 51/l*(-2)/(-3)?
15
Let u(z) = 2*z - 5. Suppose -i - i + 4 = 0. Suppose -3*v - i*v + 16 = b, -v + 2 = 0. Calculate the remainder when 13 is divided by u(b).
6
What is the remainder when 48 is divided by (-12)/8*(-26)/3?
9
Let s(x) = -x**2 - 14*x - 7. Let a = 3 - 1. Suppose 2*o - 30 = 4*z + 22, -a*z - 18 = 3*o. Calculate the remainder when s(z) is divided by 10.
7
Let g be (40/50)/((-1)/(-5)). Suppose 4*d = -w + g*w - 8, -2*d = -w + 4. Calculate the remainder when 41 is divided by 36/27*(-21)/d.
13
Suppose 4*q + 45 - 161 = 0. Let j(m) = -m**2 - 7*m - 2. Suppose 0 = -5*n - 8 - 17. Calculate the remainder when q is divided by j(n).
5
Let b be 1/(-4) - 707/(-28). Let g = b - 14. What is the remainder when 32 is divided by g?
10
Suppose -4*n + 9 = -3. Let u = -2 - -4. What is the remainder when 4/(-1 + u + 0) is divided by n?
1
Let u = -61 - -96. Calculate the remainder when u is divided by 11.
2
Let o = -5 + 7. Suppose 4 = 4*g + k + 3*k, 5*k = -4*g. What is the remainder when g is divided by o?
1
Calculate the remainder when -3*(15/(-3) + 1) is divided by 5.
2
Suppose -3*t - 147 = -h, t + 49 = -2*h + h. Let l = -18 - t. Suppose -3*a = -4*o + 55, -a - 76 = -4*o - 5*a. Calculate the remainder when l is divided by o.
15
Let k = 23 + -18. Suppose y - 12 = -4*u, -4*u + 33 = -4*y + 1. Suppose -3*f + 5*o + 10 = -19, -u*o = f - 4. Calculate the remainder when f is divided by k.
3
Let q = 10 + -7. Let m(k) = -k**2 + 13*k - 2. What is the remainder when m(11) is divided by (q/(-6) - 0)*-14?
6
Let t(g) = -g**2 - 22*g + 4. What is the remainder when t(-19) is divided by 8?
5
Let f = -21 + 49. What is the remainder when f is divided by 5?
3
Let j(g) = 5*g**2 - 8*g + 20. What is the remainder when j(6) is divided by 39?
35
Suppose 4*u - 3*f = 976, 4*u = -f - 0*f + 960. Calculate the remainder when u is div